{"id":47,"date":"2025-09-23T17:16:04","date_gmt":"2025-09-23T17:16:04","guid":{"rendered":"https:\/\/tecmonclova.com\/web\/?page_id=47"},"modified":"2025-09-24T16:25:19","modified_gmt":"2025-09-24T16:25:19","slug":"acreditacion","status":"publish","type":"page","link":"https:\/\/tecmonclova.com\/web\/acreditacion\/","title":{"rendered":"Acreditaci\u00f3n"},"content":{"rendered":"\n<h1 class=\"wp-block-heading has-x-large-font-size\">Acreditaci\u00f3n<\/h1>\n\n\n\n<p>El Tecnol\u00f3gico cuenta con la acreditaci\u00f3n de las carreras de Ing. Mec\u00e1nica, Ing. Industrial e Ing. Electr\u00f3nica por parte del Consejo de Acreditaci\u00f3n de la Ense\u00f1anza de la Ingenier\u00eda, A.C. el cual certifica la actualizaci\u00f3n de los planes de estudio, la capacitaci\u00f3n permanente del personal docente, as\u00ed como la calidad de los talleres y laboratorios. Todo lo anterior para lograr la excelencia acad\u00e9mica que el Tecnol\u00f3gico ofrece a sus estudiantes<\/p>\n\n\n\n<figure class=\"wp-block-image size-full is-resized\"><img loading=\"lazy\" decoding=\"async\" width=\"315\" height=\"168\" src=\"https:\/\/tecmonclova.com\/web\/wp-content\/uploads\/2025\/09\/image-12.png\" alt=\"\" class=\"wp-image-64\" style=\"width:373px;height:auto\" srcset=\"https:\/\/tecmonclova.com\/web\/wp-content\/uploads\/2025\/09\/image-12.png 315w, https:\/\/tecmonclova.com\/web\/wp-content\/uploads\/2025\/09\/image-12-300x160.png 300w\" sizes=\"auto, (max-width: 315px) 100vw, 315px\" \/><\/figure>\n\n\n\n<p>Despu\u00e9s de un amplio proceso de evaluaci\u00f3n de los planes y programas de estudio, sistemas de ense\u00f1anza, instalaciones educativas, evaluaci\u00f3n y capacitaci\u00f3n al personal docente, el&nbsp;<strong>Consejo de Acreditaci\u00f3n de la Ense\u00f1anza de la Ingenier\u00eda, A.C. (CACEI)<\/strong>&nbsp;otorg\u00f3 al plantel los documentos que acreditan la calidad de la ense\u00f1anza en estas tres ingenier\u00edas.<\/p>\n\n\n\n<p>El proceso de acreditaci\u00f3n de estas carreras inici\u00f3 con la autoevaluaci\u00f3n presentada ante CACEI y la posterior visita de los evaluadores al plantel para la revisi\u00f3n y an\u00e1lisis de los procesos educativos.&nbsp;Acredit\u00e1ndose las carreras de Ingenier\u00eda Mec\u00e1nica e&nbsp;Ingenier\u00eda Industrial&nbsp; el 19 de agosto del 2010, mientras que para&nbsp; Ingenier\u00eda Electr\u00f3nica, fue el&nbsp; 16 de febrero del 2012.<\/p>\n\n\n\n<p>Se ha logrado mantener la acreditaci\u00f3n tras el proceso de re aceditaci\u00f3n en 2015 y 2017 respectivamente, con una vigencia hasta el 2020 y 2022.<\/p>\n\n\n\n<p>Este gran reconocimiento reafirma el alto nivel de excelencia del Instituto Tecnol\u00f3gico Superior de Monclova, demostrando su compromiso por mejorar continuamente sus servicios educativos y calidad acad\u00e9mica.<\/p>\n","protected":false},"excerpt":{"rendered":"<p>Acreditaci\u00f3n El Tecnol\u00f3gico cuenta con la acreditaci\u00f3n de las carreras de Ing. Mec\u00e1nica, Ing. Industrial e Ing. Electr\u00f3nica por parte del Consejo de Acreditaci\u00f3n de la Ense\u00f1anza de la Ingenier\u00eda, A.C. el cual certifica la actualizaci\u00f3n de los planes de estudio, la capacitaci\u00f3n permanente del personal docente, as\u00ed como la calidad de los talleres y [&hellip;]<\/p>\n","protected":false},"author":1,"featured_media":0,"parent":0,"menu_order":0,"comment_status":"closed","ping_status":"closed","template":"","meta":{"footnotes":""},"class_list":["post-47","page","type-page","status-publish","hentry"],"_links":{"self":[{"href":"https:\/\/tecmonclova.com\/web\/wp-json\/wp\/v2\/pages\/47","targetHints":{"allow":["GET"]}}],"collection":[{"href":"https:\/\/tecmonclova.com\/web\/wp-json\/wp\/v2\/pages"}],"about":[{"href":"https:\/\/tecmonclova.com\/web\/wp-json\/wp\/v2\/types\/page"}],"author":[{"embeddable":true,"href":"https:\/\/tecmonclova.com\/web\/wp-json\/wp\/v2\/users\/1"}],"replies":[{"embeddable":true,"href":"https:\/\/tecmonclova.com\/web\/wp-json\/wp\/v2\/comments?post=47"}],"version-history":[{"count":3,"href":"https:\/\/tecmonclova.com\/web\/wp-json\/wp\/v2\/pages\/47\/revisions"}],"predecessor-version":[{"id":263,"href":"https:\/\/tecmonclova.com\/web\/wp-json\/wp\/v2\/pages\/47\/revisions\/263"}],"wp:attachment":[{"href":"https:\/\/tecmonclova.com\/web\/wp-json\/wp\/v2\/media?parent=47"}],"curies":[{"name":"wp","href":"https:\/\/api.w.org\/{rel}","templated":true}]}}