{"id":49,"date":"2025-09-23T17:12:38","date_gmt":"2025-09-23T17:12:38","guid":{"rendered":"https:\/\/tecmonclova.com\/web\/?page_id=49"},"modified":"2026-02-11T20:14:37","modified_gmt":"2026-02-11T20:14:37","slug":"ingenieria-mecanica","status":"publish","type":"page","link":"https:\/\/tecmonclova.com\/web\/ingenieria-mecanica\/","title":{"rendered":"Ingenier\u00eda Mec\u00e1nica"},"content":{"rendered":"\n<h1 class=\"wp-block-heading has-x-large-font-size\">Ingenier\u00eda Mec\u00e1nica<\/h1>\n\n\n\n<figure class=\"wp-block-image size-full\"><img loading=\"lazy\" decoding=\"async\" width=\"800\" height=\"445\" src=\"https:\/\/tecmonclova.com\/web\/wp-content\/uploads\/2025\/09\/image-7.png\" alt=\"\" class=\"wp-image-51\" srcset=\"https:\/\/tecmonclova.com\/web\/wp-content\/uploads\/2025\/09\/image-7.png 800w, https:\/\/tecmonclova.com\/web\/wp-content\/uploads\/2025\/09\/image-7-300x167.png 300w, https:\/\/tecmonclova.com\/web\/wp-content\/uploads\/2025\/09\/image-7-768x427.png 768w\" sizes=\"auto, (max-width: 800px) 100vw, 800px\" \/><\/figure>\n\n\n\n<p class=\"is-style-text-subtitle\"><strong>Objetivo General<\/strong><\/p>\n\n\n\n<ul class=\"wp-block-list\">\n<li>Formar profesionales en ingenier\u00eda Mec\u00e1nica, con aptitudes para investigar, desarrollar y aplicar conocimientos cient\u00edficos y tecnol\u00f3gicos, en las \u00e1reas de:<\/li>\n<\/ul>\n\n\n\n<p>Energ\u00eda, fluidos, dise\u00f1o, manufactura, automatizaci\u00f3n, control materiales, entre otras; mediante el empleo de las tecnolog\u00edas de integraci\u00f3n de sistemas, al utilizar y administrarlos recursos en forma segura, racional, eficiente, econ\u00f3mica y sustentable; con aptitud \u00e9tica, creativa, emprendedora y de compromiso con el bienestar del pa\u00eds.<\/p>\n\n\n\n<p class=\"is-style-text-subtitle\"><strong>Perfil de Egreso<\/strong><\/p>\n\n\n\n<ul class=\"wp-block-list\">\n<li>Aplicar herramientas matem\u00e1ticas, computacionales y&nbsp; m\u00e9todos experimentales en la soluci\u00f3n de problemas para formular modelos, analizar procesos y elaborar prototipos mec\u00e1nicos.<\/li>\n\n\n\n<li>Seleccionar y emplear los materiales adecuados para: el dise\u00f1o y fabricaci\u00f3n de elementos mec\u00e1nicos; o para su uso en instalaciones industriales con base en el conocimiento de sus propiedades.<\/li>\n\n\n\n<li>Gestionar proyectos de dise\u00f1o, manufactura, diagn\u00f3stico, instalaci\u00f3n, operaci\u00f3n, control&nbsp; y mantenimiento, tanto de sistemas mec\u00e1nicos como de sistemas de aprovechamiento de fuentes de energ\u00edas convencionales y no convencionales.<\/li>\n\n\n\n<li>Participar en servicios de asesor\u00eda, peritaje, certificaci\u00f3n, capacitaci\u00f3n, compra y venta de equipo y maquinaria afines a su profesi\u00f3n.<\/li>\n\n\n\n<li>Elaborar, interpretar y comunicar, de manera profesional, en forma oral, escrita y gr\u00e1fica: informes, propuestas, an\u00e1lisis y resultados de ingenier\u00eda.<\/li>\n\n\n\n<li>Comunicarse con eficacia en su desempe\u00f1o profesional en su propio idioma y por lo menos en otro idioma extranjero.<\/li>\n\n\n\n<li>Poseer capacidad directiva para administrar eficientemente los recursos humanos, materiales y econ\u00f3micos a su disposici\u00f3n en el ejercicio de su profesi\u00f3n.<\/li>\n\n\n\n<li>Desarrollar una actitud emprendedora para la creaci\u00f3n de nuevas empresas, con esp\u00edritu creativo, liderazgo y compromiso social.<\/li>\n\n\n\n<li>Utilizar el pensamiento creativo y cr\u00edtico en el an\u00e1lisis de situaciones relacionadas con la ingenier\u00eda mec\u00e1nica, para la toma de decisiones.<\/li>\n\n\n\n<li>Crear, innovar, transferir y adaptar tecnolog\u00edas en el campo de la ingenier\u00eda mec\u00e1nica, con actitud emprendedora y de liderazgo, respetando los principios \u00e9ticos y valores universales, ejerciendo su profesi\u00f3n de manera responsable en un marco legal.<\/li>\n\n\n\n<li>Formar parte de grupos multidisciplinarios en proyectos integrales con una actitud que fortalezca el trabajo de equipo, ejerciendo diversos roles contribuyendo con su capacidad profesional al logro conjunto.<\/li>\n\n\n\n<li>Observar y aplicar las normas y especificaciones nacionales e internacionales relacionadas con el tratamiento adecuado de las materias primas, los productos terminados, as\u00ed como los materiales residuales, generados en los procesos industriales.<\/li>\n\n\n\n<li>Participar en proyectos tecnol\u00f3gicos y de investigaci\u00f3n cient\u00edfica con el objetivo de restituir y conservar el medio ambiente para propiciar un desarrollo sustentable.<\/li>\n\n\n\n<li>Implementar sistemas de control autom\u00e1tico de procesos industriales, as\u00ed como gestionar sistemas de calidad para mejorar los est\u00e1ndares de producci\u00f3n.<\/li>\n\n\n\n<li>Aplicar sus conocimientos, habilidades y aptitudes para cursar estudios de posgrado.<\/li>\n\n\n\n<li>Reflexionar acerca del contexto hist\u00f3rico, geogr\u00e1fico y socioecon\u00f3mico de su regi\u00f3n, para proponer soluciones congruentes con la realidad del pa\u00eds en un entorno globalizado.<\/li>\n<\/ul>\n\n\n\n<h2 class=\"wp-block-heading\"><strong>Plan de Estudios<\/strong><\/h2>\n\n\n\n<p><strong>Primer semestre<\/strong><\/p>\n\n\n\n<ul class=\"wp-block-list\">\n<li>Dibujo Mec\u00e1nico<\/li>\n\n\n\n<li>C\u00e1lculo Diferencial<\/li>\n\n\n\n<li>Metrolog\u00eda y Normalizaci\u00f3n<\/li>\n\n\n\n<li>Qu\u00edmica<\/li>\n\n\n\n<li>Taller de \u00c9tica<\/li>\n\n\n\n<li>Fundamentos de Investigaci\u00f3n<\/li>\n<\/ul>\n\n\n\n<p><strong>Segundo semestre<\/strong><\/p>\n\n\n\n<ul class=\"wp-block-list\">\n<li>Probabilidad y Estad\u00edstica<\/li>\n\n\n\n<li>C\u00e1lculo Integral<\/li>\n\n\n\n<li>\u00c1lgebra Lineal<\/li>\n\n\n\n<li>Ingenier\u00eda de Materiales Met\u00e1licos<\/li>\n\n\n\n<li>Algoritmos y Programaci\u00f3n<\/li>\n\n\n\n<li>Proceso Administrativo<\/li>\n<\/ul>\n\n\n\n<p><strong>Tercer semestre<\/strong><\/p>\n\n\n\n<ul class=\"wp-block-list\">\n<li>Est\u00e1tica<\/li>\n\n\n\n<li>C\u00e1lculo Vectorial<\/li>\n\n\n\n<li>Calidad<\/li>\n\n\n\n<li>Ingenier\u00eda de Materiales no Met\u00e1licos<\/li>\n\n\n\n<li>Electromagnetismo<\/li>\n\n\n\n<li>Contabilidad y Costos<\/li>\n<\/ul>\n\n\n\n<p><strong>Cuarto semestre<\/strong><\/p>\n\n\n\n<ul class=\"wp-block-list\">\n<li>Mec\u00e1nica de Materiales I<\/li>\n\n\n\n<li>Ecuaciones Diferenciales<\/li>\n\n\n\n<li>Din\u00e1mica<\/li>\n\n\n\n<li>Procesos de Manufactura<\/li>\n\n\n\n<li>Sistemas Electr\u00f3nicos<\/li>\n\n\n\n<li>M\u00e9todos Num\u00e9ricos<\/li>\n<\/ul>\n\n\n\n<p><strong>Quinto semestre<\/strong><\/p>\n\n\n\n<ul class=\"wp-block-list\">\n<li>Mec\u00e1nica de Materiales II<\/li>\n\n\n\n<li>Mecanismos<\/li>\n\n\n\n<li>Termodin\u00e1mica<\/li>\n\n\n\n<li>Mec\u00e1nica de Fluidos<\/li>\n\n\n\n<li>Circuitos y M\u00e1quinas El\u00e9ctricas<\/li>\n\n\n\n<li>Desarrollo Sustentable<\/li>\n<\/ul>\n\n\n\n<p><strong>Sexto semestre<\/strong><\/p>\n\n\n\n<ul class=\"wp-block-list\">\n<li>Dise\u00f1o Mec\u00e1nico I<\/li>\n\n\n\n<li>Vibraciones Mec\u00e1nicas<\/li>\n\n\n\n<li>Transferencia de Calor<\/li>\n\n\n\n<li>Sistemas e Instalaciones Hidr\u00e1ulicas<\/li>\n\n\n\n<li>Instrumentaci\u00f3n y Control<\/li>\n\n\n\n<li>Taller de Investigaci\u00f3n I<\/li>\n<\/ul>\n\n\n\n<p><strong>S\u00e9ptimo semestre<\/strong><\/p>\n\n\n\n<ul class=\"wp-block-list\">\n<li>Dise\u00f1o Mec\u00e1nico II<\/li>\n\n\n\n<li>Higiene y Seguridad Industrial<\/li>\n\n\n\n<li>M\u00e1quinas de Fluidos Compresibles<\/li>\n\n\n\n<li>M\u00e1quinas de Fluidos Incomprensibles<\/li>\n\n\n\n<li>Automatizaci\u00f3n Industrial<\/li>\n\n\n\n<li>Taller de Investigaci\u00f3n II<\/li>\n\n\n\n<li>Dibujo Avanzado (Optativa)<\/li>\n\n\n\n<li>Dise\u00f1o Asistido por Computadora (Optativa)<\/li>\n<\/ul>\n\n\n\n<p><strong>Octavo semestre<\/strong><\/p>\n\n\n\n<ul class=\"wp-block-list\">\n<li>Mantenimiento<\/li>\n\n\n\n<li>Sistemas de Generaci\u00f3n de Energ\u00eda<\/li>\n\n\n\n<li>Refrigeraci\u00f3n y Aire Acondicionado<\/li>\n\n\n\n<li>Gesti\u00f3n de Proyectos<\/li>\n\n\n\n<li>Lubricaci\u00f3n<\/li>\n\n\n\n<li>Administraci\u00f3n del Mantenimiento<\/li>\n<\/ul>\n\n\n\n<p><strong>Noveno semestre<\/strong><\/p>\n\n\n\n<ul class=\"wp-block-list\">\n<li>Din\u00e1mica de Maquinaria<\/li>\n\n\n\n<li>Mantenimiento El\u00e9ctrico y Electr\u00f3nico<\/li>\n\n\n\n<li>Mantenimiento a Equipos Industriales<\/li>\n\n\n\n<li>Residencias Profesionales<\/li>\n<\/ul>\n\n\n\n<p>RETICULA<\/p>\n\n\n\n<div data-wp-interactive=\"core\/file\" class=\"wp-block-file\"><object data-wp-bind--hidden=\"!state.hasPdfPreview\" hidden class=\"wp-block-file__embed\" data=\"https:\/\/tecmonclova.com\/web\/wp-content\/uploads\/2025\/10\/Reticula-Ingenieria-Mecanica.pdf\" type=\"application\/pdf\" style=\"width:100%;height:698px\" aria-label=\"Incrustado de Reticula Ingenieria Mecanica.\"><\/object><a id=\"wp-block-file--media-bd7aec67-09a2-4398-ae95-2f9abb69c394\" href=\"https:\/\/tecmonclova.com\/web\/wp-content\/uploads\/2025\/10\/Reticula-Ingenieria-Mecanica.pdf\">Reticula Ingenieria Mecanica<\/a><a href=\"https:\/\/tecmonclova.com\/web\/wp-content\/uploads\/2025\/10\/Reticula-Ingenieria-Mecanica.pdf\" class=\"wp-block-file__button wp-element-button\" download aria-describedby=\"wp-block-file--media-bd7aec67-09a2-4398-ae95-2f9abb69c394\">Descarga<\/a><\/div>\n","protected":false},"excerpt":{"rendered":"<p>Ingenier\u00eda Mec\u00e1nica Objetivo General Energ\u00eda, fluidos, dise\u00f1o, manufactura, automatizaci\u00f3n, control materiales, entre otras; mediante el empleo de las tecnolog\u00edas de integraci\u00f3n de sistemas, al utilizar y administrarlos recursos en forma segura, racional, eficiente, econ\u00f3mica y sustentable; con aptitud \u00e9tica, creativa, emprendedora y de compromiso con el bienestar del pa\u00eds. Perfil de Egreso Plan de Estudios [&hellip;]<\/p>\n","protected":false},"author":1,"featured_media":0,"parent":0,"menu_order":0,"comment_status":"closed","ping_status":"closed","template":"","meta":{"footnotes":""},"class_list":["post-49","page","type-page","status-publish","hentry"],"_links":{"self":[{"href":"https:\/\/tecmonclova.com\/web\/wp-json\/wp\/v2\/pages\/49","targetHints":{"allow":["GET"]}}],"collection":[{"href":"https:\/\/tecmonclova.com\/web\/wp-json\/wp\/v2\/pages"}],"about":[{"href":"https:\/\/tecmonclova.com\/web\/wp-json\/wp\/v2\/types\/page"}],"author":[{"embeddable":true,"href":"https:\/\/tecmonclova.com\/web\/wp-json\/wp\/v2\/users\/1"}],"replies":[{"embeddable":true,"href":"https:\/\/tecmonclova.com\/web\/wp-json\/wp\/v2\/comments?post=49"}],"version-history":[{"count":7,"href":"https:\/\/tecmonclova.com\/web\/wp-json\/wp\/v2\/pages\/49\/revisions"}],"predecessor-version":[{"id":1063,"href":"https:\/\/tecmonclova.com\/web\/wp-json\/wp\/v2\/pages\/49\/revisions\/1063"}],"wp:attachment":[{"href":"https:\/\/tecmonclova.com\/web\/wp-json\/wp\/v2\/media?parent=49"}],"curies":[{"name":"wp","href":"https:\/\/api.w.org\/{rel}","templated":true}]}}