{"id":680,"date":"2025-10-03T15:06:53","date_gmt":"2025-10-03T15:06:53","guid":{"rendered":"https:\/\/tecmonclova.com\/web\/?page_id=680"},"modified":"2025-10-03T15:06:53","modified_gmt":"2025-10-03T15:06:53","slug":"servicio-social","status":"publish","type":"page","link":"https:\/\/tecmonclova.com\/web\/servicio-social\/","title":{"rendered":"Servicio social"},"content":{"rendered":"\n<h1 class=\"wp-block-heading has-x-large-font-size\">Servicio social<\/h1>\n\n\n<div class=\"wp-block-image\">\n<figure class=\"alignleft\"><img decoding=\"async\" src=\"https:\/\/tecmonclova.com\/sitio\/wp-content\/uploads\/2019\/10\/servsocial-1.png\" alt=\"\" class=\"wp-image-1289\"\/><\/figure>\n<\/div>\n\n\n<p>Es una actividad que permite al estudiante poner en pr\u00e1ctica los conocimientos que adquiri\u00f3 en su vida acad\u00e9mica, en beneficio de la sociedad mexicana. Una buena elecci\u00f3n del programa en el que realices tu servicio social te permitir\u00e1 tener una experiencia previa a tu inserci\u00f3n laboral, la oportunidad de desarrollar y robustecer tus conocimientos en el \u00e1mbito laboral de tu carrera. En muchos casos el servicios social es incluso una experiencia de vida, adem\u00e1s de ser un requisito obligado para la titulaci\u00f3n.<\/p>\n\n\n\n<p><a href=\"https:\/\/itmonclova.sharepoint.com\/sites\/VINCULACION\/SitePages\/Servicio-Social.aspx\">Servicio social<\/a><\/p>\n\n\n\n<p><\/p>\n","protected":false},"excerpt":{"rendered":"<p>Servicio social Es una actividad que permite al estudiante poner en pr\u00e1ctica los conocimientos que adquiri\u00f3 en su vida acad\u00e9mica, en beneficio de la sociedad mexicana. Una buena elecci\u00f3n del programa en el que realices tu servicio social te permitir\u00e1 tener una experiencia previa a tu inserci\u00f3n laboral, la oportunidad de desarrollar y robustecer tus [&hellip;]<\/p>\n","protected":false},"author":1,"featured_media":0,"parent":0,"menu_order":0,"comment_status":"closed","ping_status":"closed","template":"","meta":{"footnotes":""},"class_list":["post-680","page","type-page","status-publish","hentry"],"_links":{"self":[{"href":"https:\/\/tecmonclova.com\/web\/wp-json\/wp\/v2\/pages\/680","targetHints":{"allow":["GET"]}}],"collection":[{"href":"https:\/\/tecmonclova.com\/web\/wp-json\/wp\/v2\/pages"}],"about":[{"href":"https:\/\/tecmonclova.com\/web\/wp-json\/wp\/v2\/types\/page"}],"author":[{"embeddable":true,"href":"https:\/\/tecmonclova.com\/web\/wp-json\/wp\/v2\/users\/1"}],"replies":[{"embeddable":true,"href":"https:\/\/tecmonclova.com\/web\/wp-json\/wp\/v2\/comments?post=680"}],"version-history":[{"count":1,"href":"https:\/\/tecmonclova.com\/web\/wp-json\/wp\/v2\/pages\/680\/revisions"}],"predecessor-version":[{"id":682,"href":"https:\/\/tecmonclova.com\/web\/wp-json\/wp\/v2\/pages\/680\/revisions\/682"}],"wp:attachment":[{"href":"https:\/\/tecmonclova.com\/web\/wp-json\/wp\/v2\/media?parent=680"}],"curies":[{"name":"wp","href":"https:\/\/api.w.org\/{rel}","templated":true}]}}